(g) be the first derivative of -g**4/4 - 2*g**3 - 3*g**2 + 5*g + 1. Suppose 2*k = -3*k + 2*c - 33, 0 = -k + 5*c - 25. What are the prime factors of p(k)?
2, 5
Let v(y) = -9*y - 5. Let s(a) = a + 1. Let g(k) = 6*s(k) + v(k). List the prime factors of g(-8).
5
Let t = 46 + -10. What are the prime factors of t?
2, 3
List the prime factors of 1*(25 - (0 + 4 + -2)).
23
Suppose -2*p - k - k + 10 = 0, 4*p - k + 5 = 0. What are the prime factors of (-1 - (3 + -32)) + p?
2, 7
Suppose -3 = n - 8. Suppose 30 = n*z + 3*p - 0*p, 5*p = -5*z + 40. Suppose 2*d - 4*w = 20, -z*d + 2*w + 24 = -2*w. List the prime factors of d.
2
Let i(h) be the second derivative of 2*h - 1/6*h**3 + 1/12*h**4 + 0 + 6*h**2. What are the prime factors of i(0)?
2, 3
Let c(r) be the third derivative of -r**6/120 + r**5/10 - r**4/12 + r**3 + 4*r**2. List the prime factors of c(4).
2, 3, 5
Let l(h) = 7*h - 5. Let m be l(5). Suppose 4*a = -a + m. List the prime factors of a.
2, 3
Suppose 0 = -5*z + 4*a + 288, -3*z + a + 130 = -40. What are the prime factors of z?
2, 7
Let t(q) = 2*q - 7. Let h be t(8). Suppose -h*f + 40 = -7*f. What are the prime factors of f?
2, 5
What are the prime factors of 2595/35 + 1/(-7)?
2, 37
Let t be ((-9)/(-2))/(2/(-4)). Let f(o) = o + 20. What are the prime factors of f(t)?
11
Let u(n) = 3*n - 12. Let m be 0 + 3 + 2 + -1. Suppose -5*t + 44 = m. What are the prime factors of u(t)?
2, 3
Let u(d) = -6*d**2 - 2*d. Let x be u(-5). Let l = x - -241. Suppose 41 = -5*g + l. List the prime factors of g.
2, 3
Let k(w) = 29*w - 44. List the prime factors of k(8).
2, 47
Let f = 21 + 5. Suppose 0 = 2*s + 4, -2*i + 3*s + 2*s = -f. What are the prime factors of i?
2
Let c be (-3)/6 - 1/(-2). Let i = c - -3. List the prime factors of i.
3
Suppose 2*w = 4 - 0. Suppose -w*h - 4*z - 33 = h, -z = 3. Let v(y) = -y**2 - 9*y - 9. List the prime factors of v(h).
5
Suppose -4*f - 5*a = -10*a + 81, -3*f - 81 = 3*a. List the prime factors of (f/(-10))/((-10)/(-75)).
2, 3
Let b be (-2 + 1)/(1/(-33)). Suppose -5*x + b - 3 = 0. Suppose z - 2*s - 14 = -0*z, z + 3*s = -x. List the prime factors of z.
2, 3
What are the prime factors of (5 + 1 + -4)*5?
2, 5
Let w = -3 + 68. List the prime factors of w.
5, 13
Let u(b) = 188*b**2 + b + 2. What are the prime factors of u(-1)?
3, 7
Let v = 16 - 14. Suppose 0 = -5*h + v*h + 42. List the prime factors of h.
2, 7
Let c = 6 + 4. List the prime factors of 266/c + (-4)/(-10).
3
Let x(l) = -l**2 + 7*l - 6. Let n be x(6). Let m(s) = -s**3. Let y be m(n). List the prime factors of 1/(2/14) + y.
7
Let t(y) = -y**2 + 11*y - 7. Let s(i) be the second derivative of i**5/20 - i**4/6 + i**3/6 - 3*i**2/2 + i. Let o be s(3). What are the prime factors of t(o)?
11
Let k = -2 + 2. Suppose k = 4*p - 7*p + 12. Suppose -4 = -p*h + 3*h. What are the prime factors of h?
2
Let l = 0 + 31. What are the prime factors of l?
31
Let x be ((-12)/10)/(6/(-20)). Let y = -1 + x. Let f = 7 - y. What are the prime factors of f?
2
Suppose 2*c + 40 = -3*c. Let y be 11/4*-1*c. List the prime factors of y/3 - (-3)/(-9).
7
What are the prime factors of (0 - 46)*7/(-14)?
23
Let m = -6 - -13. Suppose -4*u - 2*a - 32 = -m*u, 68 = 5*u + 4*a. List the prime factors of u.
2, 3
Suppose -5*c = -c - 108. What are the prime factors of c?
3
Let d = 9 + -5. Let r be (2 + 16/(-6))*-9. Suppose -d*y = -4*b - 32, -b + 10 = -5*y - r*b. List the prime factors of y.
3
Suppose -w - 4*w - 309 = -4*c, 5*w = -c + 71. List the prime factors of c.
2, 19
Suppose j = -3*r + 42, j - 48 = -5*r + 22. Let p = 1 + r. List the prime factors of p.
3, 5
Let p be 3*((-120)/9)/(-4). Let c = p - 5. Suppose 2*z - 11 = -5*o, -c*z + o + 12 + 29 = 0. What are the prime factors of z?
2
Let n = 2 + 0. List the prime factors of 1 - n/(6/(-39)).
2, 7
Suppose f - 3*f + 6 = 0. Let x = 14 - f. List the prime factors of x.
11
Let z(a) be the second derivative of 2*a + a**4 - 13/2*a**2 - 4/3*a**3 + 0 - 1/20*a**5. What are the prime factors of z(11)?
2, 5
Let a = 2 - -1. Let p(x) = -11*x**3 + x**2. Let f be p(-1). What are the prime factors of (a/(-2))/((-9)/f)?
2
Suppose 2*j - 156 = -2*x, 0*x - 3*j - 171 = -2*x. Let p = -49 + x. List the prime factors of p.
2
List the prime factors of 0/1 + (-4815)/(-15).
3, 107
Let x(i) = -i**2 - 6*i - 2. Let n be x(-5). Let w(j) = 2 - 10*j + 1 - n. List the prime factors of w(-1).
2, 5
Let s = 4 + -1. Suppose -v + 4*h = -0*h - 3, -s*h - 4 = -v. Let g(u) = -u**3 + 6*u**2 + 9*u - 8. List the prime factors of g(v).
2, 3
Let n = -36 + 121. List the prime factors of n.
5, 17
Suppose 2*i + i = 6. Suppose 2*l = 3*q + 2*q + 8, i*q = -3*l + 12. Suppose q = -4*r + 1 + 7. What are the prime factors of r?
2
Let m(k) = k + 16. Let t be m(-16). Suppose 0 = -q - t*q - 3*r + 24, 3*r + 66 = 4*q. List the prime factors of q.
2, 3
Let i(p) be the third derivative of p**6/120 + p**5/12 - p**4/3 - 5*p**3/6 - 3*p**2. List the prime factors of i(-6).
7
Let w be 3 + -2 + (0 - 1). Let t be 10 - (0 + 4 - -1). Suppose w = -t*z + z + 60. List the prime factors of z.
3, 5
Suppose t - 22 = -4*f, 2*t - 4*f = 39 + 41. List the prime factors of t.
2, 17
Let a(w) = -2*w**2 + 11*w + 8. Let p(r) = -r**2 + 6*r + 4. Let z(i) = -6*a(i) + 11*p(i). What are the prime factors of z(-4)?
2, 3
Let n = 29 - -34. Let a = 107 - n. List the prime factors of a.
2, 11
Let i = 96 + -98. Let m(t) = -4*t + 3 + 0 - 2. List the prime factors of m(i).
3
Let u = 12 + -7. Suppose 3*q - u = 4*p, 0 = -2*q - 0*q - p + 7. Suppose -q = -3*w + 3. List the prime factors of w.
2
Let h(u) = 3*u**2 + 3*u + 5. Let f(k) = 2*k**2 + 2*k + 3. Let d(a) = 5*f(a) - 3*h(a). What are the prime factors of d(-4)?
2, 3
Suppose 0 = -2*y - y. Suppose -3*m + 26 = 2*t + m, y = 2*m + 10. List the prime factors of t.
23
List the prime factors of 5 + (4/(-2) - -111).
2, 3, 19
Suppose -4*h - 60 = 4*g, -23 - 19 = 3*h + 2*g. Let q = h - -23. Suppose 0 = -4*n + 4*w - 3 + 7, -n + 5*w = q. What are the prime factors of n?
2
Let j = 88 + -9. Suppose 2*p + 22 = -3*o + 82, -o = -3*p + j. What are the prime factors of p?
3
Let r = 106 + -32. List the prime factors of r.
2, 37
List the prime factors of (2 + (-404)/(-5))*(-100)/(-40).
3, 23
Let k = 230 - 207. List the prime factors of k.
23
Suppose 36 = 2*d + 86. What are the prime factors of ((-30)/d)/((-4)/(-130))?
3, 13
Let k(w) = -w**3 - 11*w**2 - 12*w - 4. What are the prime factors of k(-10)?
2
Suppose -5*c - 4*u + 4 + 114 = 0, -3*c - 3*u + 69 = 0. Suppose 3*n - i = 22, c = 3*n - 2*i - 3*i. What are the prime factors of n?
7
Let c = 15 - 14. What are the prime factors of (-1)/c - (-10 - -3)?
2, 3
Let x(t) = -t**3 + 8*t**2 + 8*t + 5. Let a be x(9). Let v be 0/a - (-1 + 1). Suppose -3*w + 5*w - 12 = v. List the prime factors of w.
2, 3
Let f(c) = 5*c + 1. Let u be f(8). Let y = -15 + u. List the prime factors of y.
2, 13
Suppose -3*x = -5*i + 138, 37 = 3*i - 3*x - 47. What are the prime factors of i?
3
Let i be (2 + (4 - 2))/(-1). Let z = i + 4. Suppose z*q - 32 = -4*q. List the prime factors of q.
2
Let m be (-1)/2 + (-92)/(-8). Suppose m + 22 = 3*b. What are the prime factors of b?
11
Let r = 3 + -3. Suppose 5*u + 76 - 30 = 4*g, u + 2 = r. What are the prime factors of g?
3
Let w = -18 - -11. Let j(q) = -q + 2. Let n be j(w). Suppose 5*h = 1 + n. List the prime factors of h.
2
Suppose -2*l + 0*l - 4 = 0. List the prime factors of ((-63)/(-28))/(l/(-8)).
3
List the prime factors of (-13)/(-5) - (-12)/(-20).
2
Let z be 2 + (-1 - (1 + 1)). What are the prime factors of (-2)/2 - z - -6?
2, 3
Let w(m) = -m**3 - 3*m**2 + 2*m + 3. Let j be w(-4). Suppose -2*f - j = -o, -2*o - 3*f - 1 + 16 = 0. List the prime factors of o.
3
Suppose -2*q + 8 = 4*l, -7 = 2*q - 2*l + 9. Suppose 0 = 2*y + 18 - 6. List the prime factors of (-100)/(-8) + y/q.
2, 7
Let g = -115 - -229. What are the prime factors of g?
2, 3, 19
Suppose 0 = -7*y + 12 + 1423. What are the prime factors of y?
5, 41
Let f = 161 - 115. What are the prime factors of f?
2, 23
Let v(r) = -r - 2. Let l be v(-4). Let q = 4 - l. List the prime factors of q.
2
Suppose 3*p + b - 49 = 0, -2*p - 3*b - 45 = -5*p. Let j = p - 6. What are the prime factors of j?
2, 5
Let p(l) = l**3 + 9*l**2 - 13*l - 2. Let r = 13 + -23. What are the prime factors of p(r)?
2, 7
Let y be 14/(-4)*8/(-14). Let l be -10*(2 +